-21)*4*-6. Calculate the highest common divisor of j and 128.
16
Let m = -106 - -183. Let g = 5 - -6. What is the highest common divisor of g and m?
11
Let j = 77 + -14. What is the highest common factor of j and 7?
7
Let a be 1/2 - 147/(-14). Calculate the highest common factor of a and 110.
11
Suppose 15 = -3*s + 4*s. Let r be (-12)/s*30/4. Let z be 34/6 - (-4)/r. Calculate the highest common divisor of 2 and z.
1
Suppose -2*u + 3*i = 18 - 0, 4*u - 2*i + 28 = 0. Let d = 7 + u. Calculate the highest common factor of d and 11.
1
Let w be 1 - 39/((-15)/5). Let r be (-75)/(-27) + 2/9. Suppose -r*t + 21 = -2*t. What is the highest common divisor of t and w?
7
Suppose 0 = -3*g - 6*g + 81. Suppose -4*f + 170 = -0*x - 5*x, 5*x = 2*f - 80. Calculate the greatest common factor of g and f.
9
Let x(v) = v**2 - 13*v + 16. Let a be x(17). What is the highest common factor of 21 and a?
21
Suppose -5*x = -2*x + 9. Let v be (2*-3)/x - -8. What is the greatest common factor of 10 and v?
10
Suppose -132 = 4*g - 7*g. Calculate the greatest common factor of g and 66.
22
Suppose -u - 22 = -2*u. Suppose 0 = n + 3*l - u, 50 + 51 = 4*n - l. What is the highest common factor of n and 5?
5
Let y = -61 - -74. What is the highest common divisor of y and 91?
13
Suppose -q + 2 = -0. Let s(t) = t**2 + t + 0 - 4 - q*t. Let l be s(-4). Calculate the highest common divisor of 24 and l.
8
Let c = -16 + 36. Let f(k) = -k. Let y be f(0). Let a be c + 3/(y - 3). What is the highest common divisor of 152 and a?
19
Let s = 0 - -49. What is the greatest common factor of 7 and s?
7
Let m = 7 + 14. Calculate the greatest common factor of m and 84.
21
Let p = -72 + 138. What is the highest common factor of p and 6?
6
Let b(o) = -6*o - 3. Let v be b(-3). Suppose -716 = c - 719. Calculate the highest common factor of c and v.
3
Let u be (-600)/(-42) + (-2)/7. Calculate the highest common factor of u and 21.
7
Let b = -4 + 6. Let q = 20 - 2. What is the greatest common divisor of b and q?
2
Let z(m) = -3*m + 1. Let v be z(-3). Let o = v + -4. What is the highest common divisor of 6 and o?
6
Let x = 2 - -2. Suppose -s = x*s - 35. Calculate the highest common factor of 21 and s.
7
Let o be 1 - 1 - -217 - 4/2. What is the highest common factor of 86 and o?
43
Suppose g = 3*p - 34, 0 = -5*p - 0*p - g + 62. Let v be p/14*(0 + 7). Calculate the greatest common divisor of v and 24.
6
Let o(t) = t + 15. Let v(w) = w - 4. Let i be v(4). Let a be o(i). Let q(z) = 4*z**2 - 1. Let c be q(-2). Calculate the highest common divisor of a and c.
15
Let t be 10/(-1 + 26/22). Let a(y) = -11*y. Let v be a(-2). Calculate the greatest common factor of v and t.
11
Let r(m) = 21*m**2 + 1. Let d be r(-1). What is the highest common factor of d and 88?
22
Let d be 24/18*(-42)/(-4). Let a(j) = 2*j**2 - 4*j - 6. Suppose 0 = 5*w + 8 + 12. Let h be a(w). What is the greatest common factor of h and d?
14
Suppose k = -8*k + 1215. What is the greatest common factor of 15 and k?
15
Suppose -3 = 2*c - 1. Let n be 2/2 - (3 + c). Let m be (2 - (-13)/n)/(-1). What is the highest common factor of 55 and m?
11
Let b = 2 - 8. Let v(j) = j + 16. Let f be v(b). Let a = 53 - 28. What is the greatest common factor of f and a?
5
Suppose 2*o = -0*o + 192. Suppose 2*s = 4*s - o. What is the highest common factor of s and 12?
12
Let a(x) = x**3 - 4*x**2 - 3*x - 5. Let d be a(5). Suppose u = d + 8. Let r be -1 - 1 - (-28 + 0). Calculate the greatest common factor of r and u.
13
Let t be 69/4 + (-1)/4. Let m = -154 - -188. Calculate the highest common divisor of t and m.
17
Suppose 0 = 10*a - 11*a + 18. Calculate the highest common factor of a and 27.
9
Let i(g) = -2*g**2 + 2*g + 7. Let q be i(-6). Let v be 5/15 + q/(-3). Let u = -18 + 31. Calculate the greatest common divisor of u and v.
13
Suppose -3*f + 27 = 5*t, -4*f + 0*f - 3*t + 36 = 0. Suppose 2*g + f = 5*g. Suppose -6*p + 45 = -p. Calculate the highest common divisor of g and p.
3
Suppose -5*j + 745 = -130. Suppose 5*n + j = 490. Calculate the highest common divisor of 7 and n.
7
Let b(t) = 3*t + 6. Let m be b(5). Suppose -3*s + 3 = m. Let n be 2 - 0*2/s. Calculate the highest common factor of n and 16.
2
Suppose -3*f + 5*a + 232 = 0, -3*a = -5*f - 2*a + 350. Let r = f - -57. Calculate the highest common divisor of 14 and r.
14
Let n = -10 - -16. Let t(a) = n*a - 4*a - 3*a. Let z be t(-6). What is the greatest common factor of z and 6?
6
Suppose 3*l = -l + 148. Suppose -g + 31 = v - 24, -v + 5*g + l = 0. Calculate the highest common factor of v and 13.
13
Let f be 25 + -28 + 59*1. Calculate the greatest common factor of f and 14.
14
Suppose -4*o - 95 = -6*o - 3*r, 3*o = -r + 153. Calculate the greatest common factor of 416 and o.
52
Let x = 210 - -160. Suppose 5*i + 4*a + x = -0*i, -2*i - 5*a - 165 = 0. Let y = -37 - i. What is the greatest common divisor of y and 22?
11
Let d = 1338 + -2606. Let v be 4/(-6) - d/12. What is the highest common divisor of v and 15?
15
Suppose -o - 5*k = -35, o - 5*o + 2*k = -30. Suppose 5*p - o = 0, -2*t + 31 - 11 = p. What is the greatest common factor of 1 and t?
1
Let r = 159 + -59. Suppose -5*f + 3*f = -r. Suppose -g - 20 = -2*g. What is the greatest common divisor of g and f?
10
Suppose 4*k + 0*k = 4. What is the highest common factor of k and 1?
1
Suppose -10*s + 44 = -8*s. Calculate the highest common factor of 11 and s.
11
Suppose 0 = 3*q - 4*v - 104, 2*q - 4*v = -33 + 109. Calculate the greatest common divisor of 42 and q.
14
Let y(w) = -w**3 - 6*w**2 + 5*w - 17. Let h be y(-7). Let k be (-72)/(-30)*(-10)/h. Calculate the greatest common factor of k and 64.
8
Let h be (-30)/(-4)*76/6. What is the highest common divisor of h and 19?
19
Let t be 4/(-12) + 44/6. Let o be (26 - -2) + (0 - 0). What is the greatest common divisor of o and t?
7
Let o(l) = 4*l**2 - 4*l - 3. Let b be o(5). Calculate the highest common factor of b and 7.
7
Let v = -8 + 8. Suppose -2*u + u + 33 = v. What is the greatest common factor of 11 and u?
11
Suppose -101 = -6*j - 11. What is the highest common factor of j and 30?
15
Let z(h) = -4*h - 1. Let c be 3/1 + -3 + -1. Let a be z(c). Calculate the greatest common factor of a and 6.
3
Let i(n) = -n**2 - 3*n + 4. Let c be i(-4). Suppose c = 2*d - 3*d + 5. Calculate the greatest common divisor of d and 25.
5
Let g be (15/5)/((-12)/(-736)). What is the highest common divisor of 23 and g?
23
Let f = 23 - 10. Let y = f - 7. What is the greatest common divisor of y and 15?
3
Let f = -2 - -11. Suppose 1 = -v - 5*d, 4*v = -0*d - d + 53. Let k = v - 13. Calculate the greatest common divisor of k and f.
1
Suppose 10*y - 155 = 45. What is the highest common divisor of y and 100?
20
Let t(b) = -24*b. Let k be t(-3). Let c be ((-5)/10)/1 + 38/4. Calculate the greatest common factor of c and k.
9
Let p(u) = -u + 6. Let g be p(0). Suppose -z = -g - 5. Suppose z + 21 = 2*q. What is the greatest common factor of 24 and q?
8
Let j(k) = -k**3 + 4*k**2 - 3*k. Let z be j(3). Suppose 2*b + 0*b - 4 = z. Let w be ((-126)/35)/(b/(-20)). Calculate the highest common factor of 90 and w.
18
Suppose 3*f + 3 = 33. Let s(p) = -30*p + 495. Let m be s(16). Calculate the greatest common divisor of f and m.
5
Let l(z) be the third derivative of -z**5/60 - 5*z**4/8 - 7*z**3/3 + 8*z**2. Let h be l(-11). What is the greatest common divisor of h and 330?
30
Let w(u) = 0*u - 2*u**3 - u**2 - 4*u + 6*u + 2. Let q be w(-2). What is the greatest common divisor of 5 and q?
5
Let m be (-2)/(4/3 - 2). Let o(x) = -3*x + 6*x + m - 2*x. Let b be o(5). What is the highest common divisor of b and 20?
4
Let v(z) = -z - 4. Let x be 7*1/4*-4. Let y be v(x). Suppose -y*f + 63 = -5*m, -3*f + 0*m + m = -51. What is the highest common factor of f and 112?
16
Let t = 9 + 15. Calculate the greatest common factor of 6 and t.
6
Suppose 0 = -p + 2 + 2. Suppose p*g = 4*k - k - 21, 0 = k - 3*g - 7. What is the greatest common divisor of k and 7?
7
Suppose -5*n = -0*n - 225. Let c = 1 + 41. Let i be 1/(-4) + c/8. Calculate the highest common divisor of i and n.
5
Let d = -200 + -610. Let a be 4/(-10) - d/25. Let y = 3 + 1. What is the greatest common factor of y and a?
4
Let f(l) be the third derivative of l**5/60 + l**4/3 + 5*l**3/6 + l**2. Let b be f(-8). What is the greatest co